*n - 21. Suppose -31 - n = -4*f. What is the units digit of f?
6
What is the units digit of -7*(2/8 - 36468/336)?
8
Suppose 2*t - 6 - 6 = 0. Suppose -x + 6*x + 31 = 2*b, 3*b - 2*x - 19 = 0. Suppose b*r = t + 57. What is the tens digit of r?
2
Suppose -n + u + 1876 = 0, -2*n + 4*n + 2*u - 3760 = 0. What is the units digit of n?
8
Let q = 60 - 58. Let u(i) = 58*i**2 - 2*i - 2. What is the units digit of u(q)?
6
Let s(g) = -49*g**2 + g. Let t be s(-1). Let z = t + 80. What is the units digit of z?
0
Suppose -5*j + 0*j + 5*p - 340 = 0, -4*j + 3*p - 275 = 0. Let v = 125 + j. What is the tens digit of v?
5
Suppose 0 = i - d + 191 - 623, d + 1300 = 3*i. What is the units digit of i?
4
Suppose -2*y + 10 = -0*y. Let k(i) = 0*i**2 - 4 + 15*i**2 + y. What is the tens digit of k(-1)?
1
Let t(v) = 5 - 7*v - 2*v - v**2 + 4*v - 3*v. Let x be t(-4). Let g = 36 - x. What is the units digit of g?
5
Suppose 0 = 19*l - 24*l + 30. Suppose -2*c = 4*r - 0*c + 2, 5*c + 5 = -2*r. Suppose r = l*h - 4*h - 78. What is the tens digit of h?
3
Let r(l) = 13*l**2 + 20*l + 29. What is the hundreds digit of r(-11)?
3
Let r = -8 - -10. Suppose 4*c + 44 = -0*c. What is the tens digit of 1 - r - c/1?
1
Let w(n) = 5*n + 4 + 14*n - 5 - 2*n. Let f be w(13). Suppose -f = -5*l - 0*l. What is the tens digit of l?
4
Let l = -20 + 18. What is the units digit of l + (-28)/(-42) + 1322/6?
9
Suppose 6*h = 5*h + 17. Let b(q) = q**2 + 6*q - 6. Let a be b(-8). Let n = a + h. What is the units digit of n?
7
Let c(o) = -48*o + 28. Let m(d) = 72*d - 42. Let j(x) = -8*c(x) - 5*m(x). What is the units digit of j(9)?
2
Let i be 5 + (-6 - -1) - -33. Suppose -18 = -3*x + i. What is the units digit of x?
7
Suppose n - 1 = -r, 0*n - n + 5*r = 23. What is the tens digit of 2/3 - n/((-36)/(-976))?
8
Suppose -26*r = -21*r - 17605. What is the hundreds digit of r?
5
Let q(u) = 2*u**3 + 10*u**2 - 6*u - 26. What is the hundreds digit of q(8)?
5
Let r(l) = -135*l**3 + l**2 + 11*l + 13. What is the hundreds digit of r(-2)?
0
Let k be (11/(-22))/(1/(-4)). What is the units digit of (k/4 - 17/(-2))*1?
9
Let n = -18 + 19. What is the units digit of 67*n + (15 - 18)?
4
Let b = -12 - -14. What is the units digit of b/9 - 1263/54*-2?
7
Let j = 13 + -8. Suppose 11 = -5*g - 9, 0 = j*n + g + 4. Suppose n = -2*h - 2*a + 54, 4*h + h + 2*a = 135. What is the units digit of h?
7
Let n = -12 - -12. Let o = n - 0. Let x = 11 - o. What is the tens digit of x?
1
Let q(h) = 26*h**3 + h**2 - 2*h + 1. Let n be q(1). Suppose i - 3*v + 5*v = -n, -70 = 5*i - 5*v. Let k = i + 32. What is the tens digit of k?
1
Suppose -b = 3*v - 91, v + 152 = 6*v + 2*b. Suppose 4*l = l + v. Suppose l = -i + 2*i. What is the tens digit of i?
1
Let q = 440 + -152. Suppose 5*x - 2*y - 325 = 0, 6*x - 2*x = -4*y + q. Let k = -48 + x. What is the tens digit of k?
1
Suppose 0 = g - 23 - 56. Suppose -66 = 78*x - g*x. What is the tens digit of x?
6
Suppose 4*c - 54 = -3*m, 0 = c - 3*m + 5*m - 11. Let g be 10/(-3)*c/(-10). What is the units digit of g/(10/3)*20?
0
Suppose 4*l + 36 + 8 = 0. Let h = l - -50. Suppose 2*s - k - 25 = 0, -2*k - 5 + h = 2*s. What is the units digit of s?
4
Let i(z) = -3*z**3 - 4*z**2 - 2*z. Let k be i(-2). What is the tens digit of (k/(-4))/(-1) - -78?
8
Let m(f) = -f + 2. Let y be m(-5). Suppose -16 - 36 = 26*h. What is the tens digit of (y/(-14))/(h/100)?
2
Let o(c) = 491*c**2 + 56*c + 113. What is the hundreds digit of o(-2)?
9
Let v(u) = -u**3 + 8*u**2 - 6*u - 6. Let n(g) = 5*g**2 + 2*g**2 - 1 + g + 0*g**2. Let a be n(1). What is the units digit of v(a)?
1
Suppose g - 465 = -4*g. Suppose -4*c + 82 = l, 2*l - 4*c - 248 = -2*l. Let z = g - l. What is the units digit of z?
7
Suppose -5613 = -2*f + 4*y + 4767, 5*y = 0. What is the hundreds digit of f?
1
Suppose 88798 - 25203 = 23*i. What is the tens digit of i?
6
Let j = 5426 - 3624. What is the units digit of j?
2
Let j(f) = 10*f**2 + 23*f + 92. What is the hundreds digit of j(-6)?
3
Let h = -776 - -1415. What is the units digit of h?
9
Suppose -2*h + 2436 = 3*i, -i - i - 4840 = -4*h. What is the hundreds digit of (h/24)/((-1)/(-2))?
1
Suppose -2*n + 11 + 7 = 0. Let w = n + -3. Suppose 0 = w*y - 2*y - 72. What is the units digit of y?
8
Suppose 16 = -4*q, -4504 = -34*k + 32*k - 3*q. What is the hundreds digit of k?
2
Let g(k) = -k**2 - 6*k - 1. Let f be g(-4). Suppose 2*p = f*p + 90. Let d = -17 - p. What is the units digit of d?
1
Suppose 5*r - 3*l + 5*l - 40 = 0, 0 = 2*l + 10. Let o(d) = r*d - 12*d + 3*d + 3. What is the units digit of o(14)?
7
Let m(c) = 3*c + 60. Let s be m(-19). Suppose -5*a + 372 + s = 0. What is the tens digit of a?
7
Suppose 3*q + 6*i - 4*i = -34, 49 = -3*q - 5*i. What is the units digit of 210 - (0 - (-4)/(-8))*q?
6
Let l(q) = -q**3 + 12*q**2 - 4*q - 18. Suppose 5*s - 3*y = 52, 37 = 2*s + s + 4*y. What is the tens digit of l(s)?
5
Let f(h) = -h**2 - 15*h + 28. Let y be f(-17). What is the hundreds digit of (-4)/(9/((-27)/y)) - -118?
1
Let p(d) = 4*d**2 - 18*d + 60. What is the hundreds digit of p(8)?
1
What is the units digit of (16110/105)/(14/49)?
7
Suppose -2*r - d + 31 = 4*d, 2*r + 3*d - 33 = 0. Suppose -2*v + 0*v + r = -2*o, -2*o = 5*v - 66. Suppose -5*q + v = -2*q. What is the units digit of q?
4
Let h = -1398 - -3065. What is the tens digit of h?
6
Let x(m) = -m**2 - 10*m + 27. Let r be x(-12). Suppose r*f - 760 = -5*f. What is the tens digit of f?
9
Let x(d) = -2*d**2 + 2*d + 1. Let r be x(1). Let j be (-1)/(-3) - 16/(-6). What is the units digit of r*1/3*j?
1
Let l(b) = -b**2 - 3*b + 2. Let j be l(-3). Let h(f) = 49*f**j + 4 - 47*f**2 + 15*f + 0. What is the units digit of h(-11)?
1
Let u be -4 + 7 + 10 + -1. What is the tens digit of (-1099)/(-21) + u/(-9)?
5
Let k(a) = 2*a - 18. Let l be k(10). Let d be (132/(-55))/(l/(-5)). Suppose 50 = -w + d*w. What is the units digit of w?
0
Suppose -437 - 123 = -4*b. What is the units digit of b?
0
Let z = -311 - -598. What is the units digit of z?
7
Let y = 295 - -71. What is the units digit of y?
6
Let j(i) = -7*i - 1. Let t(p) = 4*p - 2*p**2 - 4 + p**2 + 0*p. Let b be t(3). What is the units digit of j(b)?
6
Let c = 53 + -48. Suppose 2*u - 4*u - 2*b = -642, -c*u + 1619 = -2*b. What is the units digit of u?
3
Let o(j) = -3813*j**3 + 3*j**2 + 6*j + 3. What is the hundreds digit of o(-1)?
8
Let b = 90 + -48. Let m = b - 22. What is the tens digit of m?
2
Suppose -3*r + 1560 + 1170 = 0. Suppose m + m = -c + 224, 0 = 4*c + m - r. What is the tens digit of c?
2
Suppose 2*n = 4*r + 318, -n + 157 = -19*r + 15*r. What is the units digit of n?
1
Suppose 2820 = 71*n - 67*n. What is the hundreds digit of n?
7
Let y be ((-2)/3)/(4/(-6))*69. Let j = -33 + y. What is the tens digit of j?
3
Suppose 0 = 47*h + 7*h - 130572. What is the thousands digit of h?
2
Suppose -3*v + 5 = 2*v + 2*r, -v - 5*r - 22 = 0. What is the units digit of v/(-12) - 154/(-8)?
9
Let z = -26 - -28. Suppose -z*c + 126 = c. Suppose l - 4*l + c = 0. What is the tens digit of l?
1
Let o(r) = 414*r**2 + 2*r. What is the tens digit of o(-1)?
1
Let y(p) = -p**3 + 2*p**2 - 1. Let f be y(-1). Let b = -7 + f. Let v = -3 - b. What is the units digit of v?
2
Suppose 0 = 2*h + 2, -x + 47 = -h - 52. Suppose -25 = -i + x. Suppose 4*o - a - 165 - i = 0, -3*a + 343 = 5*o. What is the tens digit of o?
7
Let b = -998 + 663. Let d = -225 - b. What is the hundreds digit of d?
1
Suppose c + 15 = 43. Let o = c + 4. What is the tens digit of o?
3
Let h(d) = 97*d**2 - 10*d - 13. What is the tens digit of h(5)?
6
Let q(y) = -y**2 + 14*y + 3. Let n be q(13). Let r be -2*2*40/n. Let v = 11 + r. What is the units digit of v?
1
Let k(l) = 3 - 5 + 26*l + 2. Let a be k(-1). Let v = a + 36. What is the units digit of v?
0
Let z = 355 - 331. What is the units digit of z?
4
Suppose 3*o + 11 = 3*j - 37, -o = 3*j + 4. Let u = o - -15. What is the units digit of 3 - u/((-6)/9)?
6
Let j = 46 - 43. Suppose -j*z + 71 + 88 = 0. What is the units digit of z?
3
Let l(n) = n + 8. Let p be l(-4). Let o = p + -6. What is the units digit of 18 - (o - -1 - 0)?
9
Let w(q) = q**3 + 20*q**2 - 7*q + 62. What is the tens digit of w(-18)?
3
Let z be (2 - 1)*14 + 3. Suppose -20*u = -z*u - 114. What is the units digit of u?
8
Let n be (-2 + 3)/(2*(-3)/18). What is the units digit of 3 - (-64 - (-4 